{"id":98,"date":"2024-09-04T13:26:55","date_gmt":"2024-09-04T11:26:55","guid":{"rendered":"http:\/\/bhd.bzh\/?page_id=98"},"modified":"2025-10-30T19:26:20","modified_gmt":"2025-10-30T18:26:20","slug":"obligations-reglementaires","status":"publish","type":"page","link":"http:\/\/bhd.bzh\/index.php\/obligations-reglementaires\/","title":{"rendered":"Obligations r\u00e9glementaires Vente"},"content":{"rendered":"\n<p><\/p>\n\n\n\n<p><strong>Diagnostic de Performance \u00c9nerg\u00e9tique &#8211; DPE<\/strong><\/p>\n\n\n\n<p>Obligatoire pour tout immeuble clos et couvert disposant d&#8217;un syst\u00e8me de chauffage. Il existe des exceptions r\u00e9glementaires comme pour une maison individuelle de moins de 50m<sup>2 <\/sup>de surface de r\u00e9f\u00e9rence, &#8230;<\/p>\n\n\n\n<p>Modification de la validit\u00e9 des &#8220;anciens DPE&#8221; : tous les DPE r\u00e9alis\u00e9s avant le 1er juillet 2021 ne sont plus valables, il est n\u00e9cessaire de r\u00e9aliser un nouveau DPE selon la nouvelle m\u00e9thode en vigueur depuis cette date.<\/p>\n\n\n\n<p><strong>Audit \u00c9nerg\u00e9tique<\/strong><\/p>\n\n\n\n<p>Obligatoire depuis le 1er janvier 2025 pour tout b\u00e2timents ou parties de b\u00e2timents \u00e0 usage d\u2019habitation comprenant : soit un seul logement (Maisons Individuelles en monopropri\u00e9t\u00e9), soit plusieurs logements (hors copropri\u00e9t\u00e9) et dont le DPE est class\u00e9 E, F ou G. <\/p>\n\n\n\n<p>Les m\u00eames biens class\u00e9s en D seront concern\u00e9s par cette obligation \u00e0 partir du 1er janvier 2034.<\/p>\n\n\n\n<p>Pour cet Audit \u00c9nerg\u00e9tique, un DPE datant d&#8217;apr\u00e8s le 1 juillet 2021 est n\u00e9cessaire.<\/p>\n\n\n\n<p><strong>Constat amiante avant-vente<\/strong><\/p>\n\n\n\n<p>Obligatoire si le permis de construire de votre bien en ant\u00e9rieur au 1er juillet 1997.<\/p>\n\n\n\n<p><strong>\u00c9tat parasitaire<\/strong><\/p>\n\n\n\n<p>Obligatoire si le bien se situe dans une zone concern\u00e9 par un arr\u00eat\u00e9 pr\u00e9fectoral et demand\u00e9 par le Notaire syst\u00e9matiquement (sur recommandation de la Chambre des Notaires).<\/p>\n\n\n\n<p><strong>\u00c9tat de l&#8217;installation int\u00e9rieure de gaz<\/strong><\/p>\n\n\n\n<p>Obligatoire pour tout immeuble \u00e0 usage d&#8217;habitation muni d&#8217;une installation fixe de plus de 15 ans (bouteille, citerne, r\u00e9seau, &#8230;).<\/p>\n\n\n\n<p>N&#8217;est pas n\u00e9cessaire si vous avez un Certificat de Conformit\u00e9 mod\u00e8le 2 valide (concernant l&#8217;ensemble de l&#8217;installation et de moins de 15 ans) en votre possession.<\/p>\n\n\n\n<p><strong>\u00c9tat de l&#8217;installation int\u00e9rieure de \u00e9lectricit\u00e9<\/strong><\/p>\n\n\n\n<p>Obligatoire pour tout immeuble \u00e0 usage d&#8217;habitation muni d&#8217;une installation de plus de 15 ans.<\/p>\n\n\n\n<p>N&#8217;est pas n\u00e9cessaire si vous avez un Certificat CONSUEL valide (concernant l&#8217;ensemble de l&#8217;installation et de moins de 15 ans) en votre possession.<\/p>\n\n\n\n<p><strong>Constat de risque d&#8217;exposition au plomb<\/strong><\/p>\n\n\n\n<p>Obligatoire si le permis de construire de votre bien est ant\u00e9rieur au 1er janvier 1949.<\/p>\n\n\n\n<p><strong>M\u00e9tr\u00e9 Loi Carrez<\/strong><\/p>\n\n\n\n<p>Obligatoire pour toute partie de bien privatif dans une copropri\u00e9t\u00e9.<\/p>\n\n\n\n<p><strong>\u00c9tat des risques et pollutions (Risques naturels, miniers et technologiques, radon, sismicit\u00e9, &#8230; )<\/strong><\/p>\n\n\n\n<p>Obligatoire pour la vente de tout type de bien.<\/p>\n","protected":false},"excerpt":{"rendered":"<p>Diagnostic de Performance \u00c9nerg\u00e9tique &#8211; DPE Obligatoire pour tout immeuble clos et couvert disposant d&#8217;un syst\u00e8me de chauffage. Il existe des exceptions r\u00e9glementaires comme pour une maison individuelle de moins de 50m2 de surface de r\u00e9f\u00e9rence, &#8230; Modification de la validit\u00e9 des &#8220;anciens DPE&#8221; : tous les DPE r\u00e9alis\u00e9s avant le 1er juillet 2021 ne &hellip; <\/p>\n<p class=\"link-more\"><a href=\"http:\/\/bhd.bzh\/index.php\/obligations-reglementaires\/\" class=\"more-link\">Continue reading<span class=\"screen-reader-text\"> &#8220;Obligations r\u00e9glementaires Vente&#8221;<\/span><\/a><\/p>\n","protected":false},"author":1,"featured_media":156,"parent":0,"menu_order":0,"comment_status":"closed","ping_status":"closed","template":"","meta":[],"_links":{"self":[{"href":"http:\/\/bhd.bzh\/index.php\/wp-json\/wp\/v2\/pages\/98"}],"collection":[{"href":"http:\/\/bhd.bzh\/index.php\/wp-json\/wp\/v2\/pages"}],"about":[{"href":"http:\/\/bhd.bzh\/index.php\/wp-json\/wp\/v2\/types\/page"}],"author":[{"embeddable":true,"href":"http:\/\/bhd.bzh\/index.php\/wp-json\/wp\/v2\/users\/1"}],"replies":[{"embeddable":true,"href":"http:\/\/bhd.bzh\/index.php\/wp-json\/wp\/v2\/comments?post=98"}],"version-history":[{"count":19,"href":"http:\/\/bhd.bzh\/index.php\/wp-json\/wp\/v2\/pages\/98\/revisions"}],"predecessor-version":[{"id":335,"href":"http:\/\/bhd.bzh\/index.php\/wp-json\/wp\/v2\/pages\/98\/revisions\/335"}],"wp:featuredmedia":[{"embeddable":true,"href":"http:\/\/bhd.bzh\/index.php\/wp-json\/wp\/v2\/media\/156"}],"wp:attachment":[{"href":"http:\/\/bhd.bzh\/index.php\/wp-json\/wp\/v2\/media?parent=98"}],"curies":[{"name":"wp","href":"https:\/\/api.w.org\/{rel}","templated":true}]}}